 98.
93
Calculate the remainder when 304787 is divided by 269.
10
Calculate the remainder when 97 is divided by 51.
46
Calculate the remainder when 145444 is divided by 95.
94
What is the remainder when 981764 is divided by 106?
98
Calculate the remainder when 223370 is divided by 74.
38
Calculate the remainder when 157138 is divided by 324.
322
Calculate the remainder when 15062 is divided by 15030.
32
Calculate the remainder when 5907 is divided by 72.
3
Calculate the remainder when 16320 is divided by 47.
11
Calculate the remainder when 55473 is divided by 134.
131
Calculate the remainder when 31945 is divided by 10646.
7
Calculate the remainder when 532723 is divided by 34.
11
Calculate the remainder when 3994379 is divided by 479.
477
What is the remainder when 10152 is divided by 12?
0
Calculate the remainder when 3733536 is divided by 85.
81
Calculate the remainder when 71259 is divided by 14.
13
What is the remainder when 1265382 is divided by 70?
62
What is the remainder when 12528 is divided by 12508?
20
Calculate the remainder when 36236 is divided by 213.
26
Calculate the remainder when 69721 is divided by 1106.
43
Calculate the remainder when 1401521 is divided by 24.
17
Calculate the remainder when 126318 is divided by 1289.
1285
What is the remainder when 13641 is divided by 4518?
87
What is the remainder when 157396 is divided by 31464?
76
What is the remainder when 271856 is divided by 20?
16
What is the remainder when 46223 is divided by 36?
35
Calculate the remainder when 41864 is divided by 1132.
1112
What is the remainder when 247501 is divided by 61874?
5
What is the remainder when 104521 is divided by 65?
1
What is the remainder when 263020 is divided by 87673?
1
Calculate the remainder when 21416 is divided by 259.
178
Calculate the remainder when 65634 is divided by 3.
0
Calculate the remainder when 53495 is divided by 241.
234
Calculate the remainder when 2041 is divided by 91.
39
What is the remainder when 34340 is divided by 49?
40
What is the remainder when 7632 is divided by 610?
312
What is the remainder when 103241 is divided by 34408?
17
Calculate the remainder when 16012 is divided by 600.
412
Calculate the remainder when 2067 is divided by 115.
112
Calculate the remainder when 31208 is divided by 37.
17
What is the remainder when 13122 is divided by 1449?
81
Calculate the remainder when 1977 is divided by 255.
192
Calculate the remainder when 38515 is divided by 2962.
9
What is the remainder when 21429 is divided by 38?
35
What is the remainder when 1209 is divided by 1149?
60
Calculate the remainder when 13213 is divided by 1042.
709
What is the remainder when 764923 is divided by 11?
5
What is the remainder when 17898 is divided by 4470?
18
What is the remainder when 4999265 is divided by 43?
42
Calculate the remainder when 124193 is divided by 316.
5
What is the remainder when 787742 is divided by 5?
2
What is the remainder when 7562 is divided by 837?
29
What is the remainder when 4080 is divided by 664?
96
Calculate the remainder when 9146473 is divided by 68.
65
What is the remainder when 6214 is divided by 283?
271
Calculate the remainder when 358082 is divided by 13.
10
What is the remainder when 16980 is divided by 518?
404
Calculate the remainder when 9079 is divided by 3006.
61
Calculate the remainder when 7496 is divided by 2441.
173
Calculate the remainder when 9891 is divided by 3289.
24
Calculate the remainder when 2141 is divided by 8.
5
Calculate the remainder when 7709 is divided by 1081.
142
Calculate the remainder when 5035 is divided by 35.
30
What is the remainder when 16211 is divided by 78?
65
What is the remainder when 38943 is divided by 19?
12
What is the remainder when 1502 is divided by 443?
173
What is the remainder when 169972 is divided by 13?
10
Calculate the remainder when 114992 is divided by 48.
32
Calculate the remainder when 7090 is divided by 7.
6
What is the remainder when 17593 is divided by 2911?
127
What is the remainder when 36854 is divided by 3350?
4
What is the remainder when 13644 is divided by 104?
20
Calculate the remainder when 3457 is divided by 1286.
885
What is the remainder when 12494 is divided by 2829?
1178
What is the remainder when 13388 is divided by 2677?
3
Calculate the remainder when 178784 is divided by 183.
176
Calculate the remainder when 12693 is divided by 4221.
30
What is the remainder when 20097 is divided by 199?
197
Calculate the remainder when 94223 is divided by 305.
283
What is the remainder when 1009 is divided by 92?
89
Calculate the remainder when 27086 is divided by 4512.
14
What is the remainder when 3383 is divided by 1686?
11
Calculate the remainder when 152521 is divided by 1105.
31
What is the remainder when 6768 is divided by 1127?
6
What is the remainder when 1573 is divided by 518?
19
What is the remainder when 158964 is divided by 52982?
18
What is the remainder when 19169 is divided by 181?
164
What is the remainder when 107415 is divided by 116?
115
What is the remainder when 42719 is divided by 49?
40
Calculate the remainder when 16345 is divided by 3259.
50
Calculate the remainder when 13719 is divided by 218.
203
What is the remainder when 7728 is divided by 279?
195
What is the remainder when 5341 is divided by 282?
265
What is the remainder when 9788 is divided by 34?
30
What is the remainder when 15116 is divided by 72?
68
What is the remainder when 50921 is divided by 472?
417
What is the remainder when 19081 is divided by 60?
1
Calculate the remainder when 10233 is divided by 5.
3
Calculate the remainder when 31252 is divided by 6.
4
Calculate the remainder when 2235 is divided by 37.
15
What is the remainder when 794418 is divided by 785?
783
What is the remainder when 96923 is divided by 32?
27
What is the remainder when 5263 is divided by 1694?
181
Calculate the remainder when 85787 is divided by 9531.
8
Calculate the remainder when 549 is divided by 310.
239
What is the remainder when 8386 is divided by 123?
22
What is the remainder when 80663 is divided by 8065?
13
Calculate the remainder when 612462 is divided by 404.
402
Calculate the remainder when 93411 is divided by 93365.
46
Calculate the remainder when 330260 is divided by 66052.
0
Calculate the remainder when 3260 is divided by 216.
20
What is the remainder when 22737 is divided by 146?
107
Calculate the remainder when 43783 is divided by 216.
151
What is the remainder when 2326 is divided by 626?
448
What is the remainder when 5805 is divided by 888?
477
What is the remainder when 1721 is divided by 156?
5
What is the remainder when 1418960 is divided by 787?
786
What is the remainder when 1554 is divided by 468?
150
What is the remainder when 66471 is divided by 5?
1
Calculate the remainder when 2131 is divided by 280.
171
Calculate the remainder when 180490 is divided by 15039.
22
What is the remainder when 166737 is divided by 21?
18
What is the remainder when 81463 is divided by 69?
43
Calculate the remainder when 4410 is divided by 1401.
207
What is the remainder when 84388 is divided by 88?
84
Calculate the remainder when 65786 is divided by 40.
26
What is the remainder when 1476 is divided by 1404?
72
Calculate the remainder when 408764 is divided by 7.
6
What is the remainder when 1805 is divided by 1778?
27
What is the remainder when 32310 is divided by 89?
3
Calculate the remainder when 148749 is divided by 36.
33
What is the remainder when 110509 is divided by 1215?
1159
What is the remainder when 3952 is divided by 152?
0
What is the remainder when 1430 is divided by 191?
93
Calculate the remainder when 3091 is divided by 3050.
41
What is the remainder when 12702 is divided by 137?
98
What is the remainder when 103140 is divided by 90?
0
Calculate the remainder when 224648 is divided by 135.
8
What is the remainder when 15654 is divided by 18?
12
Calculate the remainder when 63176 is divided by 2037.
29
Calculate the remainder when 359156 is divided by 2494.
20
What is the remainder when 1343 is divided by 48?
47
What is the remainder when 6852 is divided by 11?
10
Calculate the remainder when 7215 is divided by 1016.
103
What is the remainder when 8026 is divided by 49?
39
Calculate the remainder when 8621 is divided by 22.
19
Calc